2 + (-2)/12 + 9. Let n(z) = z**2 + 7*z + 7. Let f be n(-6). Calculate the greatest common divisor of y and f.
1
Let o be (-4 - -3)/(2/(-30)). Suppose 2*h = h + 105. What is the highest common divisor of h and o?
15
Let j be 2/9 + (-3075)/(-135). What is the greatest common divisor of j and 23?
23
Let m(q) = 2*q**2 - q + 5. Let n be m(-5). Calculate the greatest common divisor of n and 150.
30
Let f be (7 + -6)/(3/12). Let t be f/34 - (-270)/17. What is the greatest common divisor of t and 4?
4
Suppose -225 = -u - 2*u. Suppose 46 = 4*n - 5*v - u, 5*n + 2*v - 110 = 0. Let a be 3/(-6)*(-1 - 119). What is the greatest common divisor of a and n?
12
Let m be (-153)/(-18) - (-1)/2. What is the greatest common divisor of m and 6?
3
Let x be (1 + -3)*(-20)/10. Suppose -x*a + 4*w + 430 = -a, w = 5. What is the greatest common factor of 15 and a?
15
Let b(l) = -11*l - 1. Suppose -2*j + 6*j - 4 = 0. Let w be b(j). Let r be w/8*16/(-3). Calculate the greatest common divisor of r and 56.
8
Let y(l) = -l + 11. Let d be y(7). Suppose -5*j = -10*j + 2*q + 94, d*q = -4*j + 64. Calculate the greatest common divisor of 2 and j.
2
Suppose -3*q + 41 = b + 4*b, -3*q + 35 = -b. What is the highest common divisor of 12 and q?
12
Suppose 5*h = 3*b + 1, 0*h + 3*h - 6 = 0. Suppose a - 4*t - 10 = -0*a, 11 = a - b*t. Let c = a + 46. What is the greatest common factor of 24 and c?
12
Suppose -49 = -6*l - 1. What is the greatest common divisor of 168 and l?
8
Let o(t) = 8*t**2 + 7. Let s(z) = 15 + 0*z + 25*z**2 - 8*z**2 + z. Let m(u) = 9*o(u) - 4*s(u). Let a be m(7). Calculate the greatest common divisor of a and 19.
19
Let z(b) = b**3 + 12*b**2 + 10*b - 10. Let u be z(-10). Suppose 0 = -5*m - 0*m + u. Calculate the greatest common divisor of 45 and m.
9
Suppose 0 = 29*w - 32*w + 42. Calculate the greatest common factor of 70 and w.
14
Suppose 4*a - 7*a + 63 = 0. What is the highest common factor of 14 and a?
7
Let v(o) = -o**2 - 8*o - 5. Let l be v(-7). Let g = 19 + -5. Calculate the greatest common factor of l and g.
2
Suppose -4*y + 44 = -i + 2*i, 0 = 3*y - 2*i - 33. Calculate the highest common factor of y and 88.
11
Suppose 0 = -3*m - 16 + 40. Let q be 41 + (-12)/m*2. Calculate the highest common divisor of q and 19.
19
Let y(a) = -2*a - 4. Let z be y(-3). Let m = z - 2. Suppose -4*w + 5*c + 135 = m, w = c + 3*c + 20. Calculate the greatest common factor of 16 and w.
8
Let r(k) = -k**3 + 7*k**2 + 2*k. Let h be r(5). What is the highest common factor of h and 150?
30
Suppose -89 - 91 = -4*x. Let i = 18 + -9. Calculate the greatest common divisor of x and i.
9
Suppose -6 = 5*h + 4, 3*u = h + 29. Calculate the greatest common divisor of u and 9.
9
Suppose -4*n + n = -12. Let h be (-423)/(-27) - 2/(-6). Calculate the highest common divisor of n and h.
4
Let h be (-34)/5 - (-11)/(-55). Let s be (h/7)/(1/(-63)). What is the highest common divisor of 9 and s?
9
Suppose -5*f + 3*i + 105 = 0, -5*f + 4*i + 60 = -50. Calculate the greatest common divisor of f and 162.
18
Suppose 5*o = -3*q + 39, 17 + 2 = 3*o + 4*q. Let a = 19 - 10. Calculate the highest common factor of o and a.
9
Suppose -2*b = -7*b + 450. What is the highest common divisor of b and 18?
18
Let q be (0 + 0)*(2 - 1). Let x(u) = u**2 - u - 20. Let c be x(q). Let y = c - -40. Calculate the greatest common factor of y and 8.
4
Suppose -2*c = -3*q + 2*c + 119, -3*c = 5*q - 150. What is the greatest common factor of 22 and q?
11
Let u = 43 - 19. What is the highest common divisor of 18 and u?
6
Let p(j) = -j + 48. Let r be p(0). Suppose 0 = 2*f - 3*f + r. What is the greatest common divisor of f and 16?
16
Let r(k) = k**3 - 3*k**2 - k + 3. Let c be r(3). Suppose 2*v = -2 - c. Let t be 102 + (0/v - -2). Calculate the highest common divisor of 13 and t.
13
Let z = 30 - 15. What is the highest common divisor of 135 and z?
15
Let g(y) = 6*y**2 - 2*y + 1. Let x be g(2). What is the greatest common divisor of x and 14?
7
Let q(y) = 2 + 2 - 3 + 12*y. Let f be q(6). Let b = f - 37. What is the greatest common factor of 9 and b?
9
Let q = 11 - 23. Let y be 1/((-1)/q*-2). Let v = 7 - y. Calculate the highest common factor of v and 143.
13
Let s(t) = t**2 + 3*t - 1. Let i be s(-5). Suppose -3*d - 90 = -8*d. Calculate the highest common factor of d and i.
9
Suppose 3*t - 31 = 3*q - 4, 0 = -2*t - 2*q + 14. What is the greatest common factor of t and 24?
8
Let t(c) = -c**3 + 2*c**2 + 4*c + 1. Let v be t(3). Let s be 57/2 + (-24)/48. What is the greatest common factor of s and v?
4
Let w(y) = 2*y**2 + 5*y - 3. Let m be w(-4). Let s(l) = -7*l**3 + l. Let t be s(-1). Calculate the greatest common divisor of m and t.
3
Let g(h) = 3*h**2 + 13*h + 18. Let o be g(-4). What is the highest common factor of 182 and o?
14
Suppose 11*r + 206 - 1196 = 0. Calculate the greatest common factor of r and 36.
18
Suppose 0 = 2*n - 4*n. Suppose 4*i + c - 1064 = n, -3*c - 1080 = -4*i - 0*c. Let j = -171 + i. Calculate the highest common factor of j and 12.
12
Let t = 301 + -145. Calculate the greatest common divisor of 24 and t.
12
Let y be 6/(-24) + (-15)/4. Let g be 22 + y + 0/(-1). What is the greatest common divisor of 9 and g?
9
Let f be (12/15)/((-2)/30). Let q be (-363)/f + (-3)/12. What is the highest common divisor of q and 10?
10
Suppose -3*u = 5*n - 159, -4*n + 5*u = -151 + 46. What is the greatest common factor of n and 6?
6
Suppose -5*z - 25 = 0, 5*h = -z - z + 240. What is the greatest common divisor of 20 and h?
10
Let v = -9 - -13. Let d(j) = j**3 - 4*j**2 + 4*j - 2. Let f be d(v). What is the greatest common factor of f and 2?
2
Suppose -t + 4 = -0*t, -4*p - 5*t + 32 = 0. Suppose -p*w = -7 + 1. Calculate the highest common factor of w and 18.
2
Let b = -102 - -219. What is the greatest common divisor of 13 and b?
13
Let m(k) = k**2 - 2*k + 1. Let s be m(4). What is the highest common divisor of 45 and s?
9
Suppose -4*u + 26 - 5 = 3*t, -2*u + 2*t = 0. Suppose u*p - 4*o = 2, o - 4 + 0 = 0. Calculate the highest common factor of p and 4.
2
Suppose -8*s - 66 = -14*s. Let k = -30 + 4. Let c = k - -59. What is the greatest common factor of s and c?
11
Suppose -t + 8 = -5*a - 1, -4*t - 64 = 5*a. Let f = -1 - t. Suppose 5*g - 5*w - 410 = 0, -232 = -g - 2*g - 4*w. Calculate the highest common divisor of g and f.
10
Let l(i) = -i**3 - 2*i**2 - 4*i - 3. Let x be l(-2). Suppose x*a - 4 = 1. Let b be 2*-1 + a - -13. Calculate the highest common factor of b and 36.
12
Let v = 29 - -181. What is the greatest common factor of v and 30?
30
Let t be 0/(2 + 1) - -60. Suppose 2*w = w - t. Let j = w - -108. What is the greatest common factor of 8 and j?
8
Let n(r) = r - 2. Let i be n(5). Suppose -i*d + d = 0, 3*x + d - 240 = 0. Calculate the highest common divisor of x and 32.
16
Suppose 4*o - 8*o = -160. Calculate the greatest common factor of o and 8.
8
Suppose 4*m = 2*g + 22, 2*m - 14 = g - 3*g. Suppose 32 = 5*a + 2. Calculate the highest common divisor of a and m.
6
Let n = -25 - -47. What is the greatest common divisor of 22 and n?
22
Suppose -3*s - 4*x = -116, s - 4*s + 117 = 3*x. Calculate the greatest common factor of s and 8.
8
Let w(o) = 2*o**2 + 2*o - 2. Let t be w(-2). What is the greatest common factor of 10 and t?
2
Let c(n) = -n**3 + 5*n**2 + 8*n - 9. Let d be c(6). Let w = d + -1. Let y = 42 - 28. Calculate the highest common divisor of w and y.
2
Suppose -b + 4*b = x - 254, -2*x = -3*b - 499. Let s be 1/3 + x/21. Calculate the greatest common factor of s and 72.
12
Let j be (1/3)/((-2)/(-132)). What is the greatest common factor of j and 110?
22
Let v = -31 + 58. Calculate the greatest common divisor of v and 3.
3
Suppose 592 = 4*k - 268. What is the greatest common factor of k and 86?
43
Let i = 185 - 5. Suppose -6*r + r = -i. Suppose -p + r = -0*p. Calculate the greatest common factor of p and 54.
18
Let g(m) = m**2 + 7. Let l be g(7). Suppose d - l = -d. What is the greatest common factor of 70 and d?
14
Suppose 4*i + 13 = 37. Suppose -3*m = -i*m + 27. What is the greatest common divisor of 36 and m?
9
Let j(d) = -d**3 + 6*d**2 + d - 14. Let a be j(6). Let n be (a/(-3))/4*6. What is the greatest common factor of 4 and n?
4
Let q = 175 + 23. Suppose 2*b + 29 - 113 = 0. Suppose 0 = -3*z + q + b. Calculate the highest common divisor of z